46. Calculate the highest common divisor of f and r.
20
Suppose -1008 = -19*q + 3*q. Let j(a) be the first derivative of -a**3/3 + 4*a**2 - 6*a + 19. Let p be j(5). What is the greatest common factor of q and p?
9
Suppose -58*o + 550 = 318. Suppose -4*s = -2*p - 238, -3*p - 9 = -3*s + 168. Calculate the highest common factor of o and s.
4
Let c(x) = -3*x - 15. Let f be c(13). Let b = 85 + f. Let a = -16 + b. Calculate the greatest common factor of a and 75.
15
Suppose 0*o + 8 = 2*h + 4*o, -4*o + 8 = 5*h. Suppose -7*p = -h*p - 224. Suppose -5 = b - 21. What is the highest common factor of p and b?
16
Suppose 0 = -6*a + 3*a + 9. Suppose -a*y + 0*y = -405. Suppose -2*p = 7*p - y. What is the highest common factor of 3 and p?
3
Suppose 3*t + t = 2*s + 256, -3*t = 3*s + 366. Let i = -106 - s. Suppose -i = v - 39. Calculate the greatest common divisor of v and 14.
7
Let a(l) = 6*l**2 - 22*l - 10. Let d be a(7). Let t = 220 - d. What is the highest common divisor of t and 15?
15
Let i = 7819 + -7807. What is the greatest common divisor of 21612 and i?
12
Let i be (-8*3/6)/(7/(-28)). Let y be (86/3 - 2)*3. Calculate the greatest common divisor of i and y.
16
Let m(d) = 2*d**2 + 3*d + 3. Let j be m(-2). Suppose j*w = -c + 2*c - 18, c - 18 = -2*w. Calculate the highest common factor of c and 30.
6
Suppose 1393 - 4813 = -9*r. Let b = r + -310. What is the greatest common factor of 126 and b?
14
Suppose 19*u + 3712 = 27*u. What is the highest common factor of 32 and u?
16
Let u(l) = l**2 - 8*l - 302. Let d be u(22). Suppose -6*n - 5*w = -2*n + 7, -2 = 5*n + 4*w. Suppose 2 = n*s - 2. Calculate the highest common factor of s and d.
2
Let v be 512 - (-4 + (30/(-40) - (-78)/(-24))). What is the greatest common factor of v and 3328?
104
Let p be -2 - -1263 - (-2 + 0). Suppose -1693 = -2*r + z, -r = 3*r + 4*z - 3368. Let k = p - r. Calculate the highest common factor of 38 and k.
38
Suppose -2*s - 7*m - 15 = -2*m, -3*s + m + 54 = 0. Calculate the greatest common factor of s and 765.
15
Let j = -15183 + 15854. Calculate the highest common factor of j and 121.
11
Let h be 8/68 + (-3 - 346*(-5)/34). What is the greatest common divisor of h and 496?
16
Let w be (9976/(-430))/(3/(-15)). What is the greatest common factor of w and 1711?
29
Let z = -143 + 371. Let u(a) = -9*a**2 + 80*a - 107. Let f be u(7). Calculate the highest common factor of z and f.
12
Let y be (-2*10/40)/(1/(-48)). What is the greatest common factor of y and 348?
12
Suppose -33*v + 2210 = 5*n - 38*v, -4*n - v + 1763 = 0. Calculate the greatest common divisor of 1911 and n.
147
Let i be (13046/(-6))/(7/(-35)*10/6). Calculate the greatest common divisor of 33 and i.
11
Let h = 828 - 816. Let n be 207/1*14/63*h. Calculate the greatest common divisor of n and 48.
24
Suppose -4*b = 5*k + 90 + 240, -5*b - 415 = 5*k. Let f be -3 + b/(-30) - 614/(-12). What is the greatest common factor of 51 and f?
51
Suppose -556*p = -1115*p + 552*p + 12880. Calculate the greatest common factor of 1495 and p.
115
Let r(b) = -2*b + 6. Let c be r(6). Let s be (-36)/16*c/9*4. Calculate the highest common factor of s and 10.
2
Let v(t) = -489*t + 65. Let o be v(-2). Calculate the greatest common divisor of 77 and o.
7
Let h be 87/435 - 369984/(-5). Let c be 1/(-12) + (h/(-84))/(-11). What is the highest common factor of c and 260?
20
Let h be (74 + 0)*-11*(-5)/(-10). Let x = h - -913. What is the highest common divisor of x and 46?
46
Suppose 31*n - 11*n = -13160. Let d = n + 667. Calculate the greatest common factor of 81 and d.
9
Let k(l) = -9*l - 21. Let c be k(-9). Let n(m) = 3*m**2 + 23*m + 7. Let o be n(-11). Let y = o + -107. What is the highest common divisor of c and y?
10
Suppose 0 = 23*j - 4*j - 4*j - 25800. What is the greatest common factor of 10 and j?
10
Let c(f) = 78*f + 4. Let l be c(3). Let m be (-1585)/(-2219) - (-7)/(49/114). What is the highest common factor of l and m?
17
Let p(r) = 14*r**2 - 274*r + 1308. Let k be p(5). Calculate the greatest common divisor of k and 7452.
36
Suppose -9968 - 10768 = -36*j. Calculate the greatest common divisor of 396 and j.
36
Let g(n) be the first derivative of -21*n**2 + 42*n - 34. Let y be g(-5). Calculate the highest common divisor of y and 189.
63
Let r(m) = 8*m**2 - 4*m + 7. Let g be r(5). Suppose 5*o - p = 79, -91*o - 92 = -95*o - 4*p. Calculate the highest common divisor of o and g.
17
Let v(i) = 8*i**2 - 63*i - 1108. Let s be v(-17). What is the greatest common factor of 350 and s?
175
Let q be ((-9)/(-15))/(1 - (-217)/(-220)). Suppose 2*n - 34 = 4*m - 124, m = -n + 21. What is the greatest common divisor of q and m?
22
Let a be 7/(-3) + (10523/51 - 9). Calculate the highest common divisor of 1065 and a.
15
Let a(m) = -m**2 + 2*m + 11. Let h be a(3). Let i be (h/10)/(28/70). Suppose i*l - 20 = 10. Calculate the greatest common divisor of 165 and l.
15
Suppose 4*j = 2*g + 630, 5*j - 829 = -3*g - 69. Let h = j + -153. What is the highest common divisor of 7 and h?
1
Let g(q) = q**3 - 6*q**2 - 7*q + 27. Let f be g(7). Suppose 17*z + 10*z = f. Calculate the highest common factor of z and 31.
1
Let f(k) = 3*k**2 - 5*k - 2. Let b be f(-3). Suppose 3*d = 51 + 93. Suppose -d = p - 7*p. Calculate the greatest common divisor of b and p.
8
Let u(c) be the third derivative of -c**6/120 - 7*c**5/60 - c**4/8 - 19*c**3/6 + 4*c**2 - 9. Let z be u(-7). Calculate the highest common divisor of 30 and z.
2
Let g be (-126)/108 + 1947/18. Calculate the highest common factor of g and 8.
1
Let i(p) = 2*p**2 - 63*p + 401. Let x be i(7). Calculate the greatest common factor of 1189 and x.
29
Suppose -277 = -5*d - 2*k, 6*k = 2*d + 2*k - 106. Calculate the highest common factor of d and 2090.
55
Let z = -4387 - -4619. Calculate the greatest common factor of z and 145.
29
Let o be (-304)/190 - (-15408)/5 - (0 - -8). What is the greatest common divisor of 3 and o?
3
Suppose 0 = 3*z - 4*o - 2997, -201*z + 200*z + 4*o = -991. Calculate the greatest common divisor of z and 68.
17
Let a be 6/8 + (-136)/(-128)*52. What is the greatest common factor of a and 1155?
7
Let h = -277 + 577. Calculate the greatest common factor of 36 and h.
12
Suppose -2 + 8 = 3*t. Let c = -10 - t. Let a be ((-4)/c)/((-3)/(-99)). Calculate the highest common factor of a and 55.
11
Suppose 2*t - 3*w + 47 = 0, 4*w = -t - 6 - 34. Suppose -416 = 16*b + 608. Let g = t - b. What is the greatest common factor of g and 4?
4
Suppose 0 = -140*u + 277774 + 362726. Calculate the highest common divisor of u and 150.
75
Let g be 52 + 0 + 2 + -2. Suppose 28*j = -41*j + 897. Suppose -9*w = -j*w + g. What is the highest common factor of w and 13?
13
Let j = -577673 - -577855. Let f(i) = -i + 7. Let d be f(0). Calculate the greatest common factor of j and d.
7
Let y be 1/(2/(-1104)*-4). Let z be y/30 - 6/10. Suppose 240 = 2*w - 2*u, -z*w = -2*u - 316 - 158. What is the greatest common divisor of w and 13?
13
Suppose -7*p - 5*g = -27891, 5*p - 5*g - 16412 = 3553. Calculate the greatest common factor of p and 4.
4
Let u be (240/6)/4 + 55/(-11). What is the highest common factor of 3805 and u?
5
Suppose -4*i + 2983 = -3*g, 262 = i - 5*g - 505. What is the highest common factor of 336 and i?
14
Suppose -5*i = -2*i - 108. Let a = 419 - -1117. Suppose -29*t - 3*t = -a. Calculate the highest common factor of i and t.
12
Let a = -93 + 97. Suppose 4*g - 2 = 7*g + a*t, 44 = 4*g - 4*t. Calculate the greatest common factor of 15 and g.
3
Suppose -2*p + 5*s + 1704 = 2*p, p + 5*s - 451 = 0. Suppose -20 = 5*v, 95 = 4*m + 5*v + p. Let h = m - -235. What is the highest common factor of 39 and h?
39
Let d be ((-3)/4)/(9/1620). Let k be (3 - d) + 1 + -4. Suppose 5*v - 112 = -x - 23, 4*v = 4*x - 188. Calculate the highest common divisor of x and k.
27
Let y = -3009 - -4609. Suppose -7*k + y = -2600. Suppose -k = -14*a + 4*a. Calculate the greatest common factor of a and 15.
15
Let t be 2 + 5 + (4 - 8). Suppose -2*z + 6*z - 8 = 0, 3*z = t*i + 9. Let v(d) = -8*d - 2. Let m be v(i). What is the highest common divisor of 2 and m?
2
Suppose -z + 25 = 2*h, -4*z - 40 = -4*h + 28. Calculate the highest common divisor of 1344 and h.
14
Suppose 0 = -18*w + 20*w. Suppose -3*s + 2*z + 118 + 10 = w, 2*z - 48 = -s. Calculate the greatest common factor of 4 and s